 71*u + 157. Let x(q) = 7*c(q) - 5*o(q). What is x(10)?
10
Let q(t) be the first derivative of -t**3 + 3*t**2 - 1/2*t**4 + 2 + 22*t - 1/20*t**5. Let o(r) be the first derivative of q(r). Give o(-5).
11
Let z(q) be the first derivative of -8*q**3/3 - q**2/2 + 27949. Let i = 2 + -1. Calculate z(i).
-9
Let w(l) = -2*l + 75. Suppose -55 - 105 = -4*g - 4*o, 2*g - 73 = 5*o. Calculate w(g).
-3
Let m = -136 + 138. Let o(z) = -m*z - 23 + z + 16. Determine o(-13).
6
Let f = 105 - 95. Let d(c) = -c**2 + 32 - 30 + 14 - f*c. Let a be d(-11). Let x(p) = 2*p - 6. Give x(a).
4
Let w(d) = -d + 13. Suppose 9*r - 5*o = 12*r - 7, 0 = 2*r + 5*o - 13. Calculate w(r).
19
Let f be 3 + ((-1)/(-3) - (-176)/48). Let j(a) = -a**3 + 9*a**2 - 14*a + 3. Let c be j(f). Suppose 12 - 18 = c*p. Let k(t) = -3*t**2 + t + 1. Calculate k(p).
-13
Let p(c) = 24*c - 39. Let u = 17068 + -17063. Give p(u).
81
Let q = 6637 + -6617. Let a(y) = -y + 8. What is a(q)?
-12
Let l(h) = h - 11. Let y(m) = 2*m + 1. Let u(x) = -5*x - 13. Let i(z) = u(z) + 3*y(z). Let w(k) = 3*i(k) - 4*l(k). Calculate w(10).
4
Suppose 5*m - 3*m = 8. Suppose 0*g = -m*g - 4*k + 32, -1 = -2*g + k. Let n(q) = -1 + q**3 + q**3 + 4*q - 2*q**2 - q**g - 2*q**3. Calculate n(-3).
-4
Let j(v) be the third derivative of v**5/30 + v**4/8 + v**3/6 + v**2 - 11*v. Give j(4).
45
Suppose -249 + 17 = l. Let d = l - -227. Let o(p) = 4 + 1 - p + 2. Calculate o(d).
12
Let r(o) = -o**3 - 4*o - 2. Let v = -504 + 388. Let x = v - -113. Calculate r(x).
37
Let c(i) = i + 5. Let q be c(0). Suppose 4*u - 43 - 13 = 2*x, 44 = 4*u - q*x. Let d = u + -12. Let l(w) = -w**3 + 4*w**2 + w - 3. What is l(d)?
1
Let t(m) = m**3 - 6*m**2 - 3*m + 1. Suppose 2*z = -n + 176 + 53, -4*n = -5*z + 566. Suppose -42*w - z = -61*w. Give t(w).
-17
Let i(j) = 5*j**2 - 372*j + 856. Let n be i(72). Let x(m) = -2*m - 1. What is x(n)?
15
Let f be 26/(-169) - 1/(-13)*2. Let k(j) be the second derivative of -10*j + f + 1/2*j**2 - 1/6*j**4 + 0*j**3. What is k(-2)?
-7
Let l(f) = 40*f - 11. Let r(i) = -4*i - 2. Let d(w) = -l(w) - 11*r(w). Calculate d(-6).
9
Let o(w) = 24*w**3 - 2*w + 2. Let g be o(1). Suppose -j + 33 = 5*t, -g*j + 23*j + 19 = 3*t. Let k(q) = -q**2 + 10*q - 21. What is k(t)?
0
Let u(k) be the second derivative of 16*k + 1/12*k**4 + 7/2*k**2 - 7 + 7/6*k**3. Determine u(-6).
1
Let y(i) = i**2 - 3*i - 1. Suppose 10*h + 72 = -8. Let s(j) = j**2 + 18*j + 83. Let d be s(h). Give y(d).
-1
Let j(x) be the second derivative of x**5/20 + x**4/3 - x**3/2 - 5*x**2/2 + x. Suppose 0 = -105*d + 97*d - 16. Let t be d/(-16) + (-1254)/304. Give j(t).
7
Let g(h) = 20 + 2*h**3 + h + 4*h**2 + 0*h**3 - h**3 + 11*h**2. Let q be g(-15). Let f = -1 + q. Let n(p) = -p**3 + 3*p**2 + 6*p - 2. Give n(f).
6
Let y = -9508 + 9506. Let j(v) = -9*v**2 - 19*v - 3. Calculate j(y).
-1
Let j = -37058 - -37059. Let g(c) = 8*c**2 + 8*c - 8. Calculate g(j).
8
Suppose -4*n - n + 3*h + 13 = 0, -n - h = -1. Let l(t) be the second derivative of 0*t**2 + 0 - t + 1/3*t**3. What is l(n)?
4
Suppose x - 80 = -4*x. Let v = -11 + x. Let p(g) = 2*g - v*g + 5*g. Give p(-4).
-8
Suppose -27*n + 11*n - 14*n = -150. Let z(u) be the second derivative of u - u**3 + 1/12*u**4 + 0 - 5/2*u**2. What is z(n)?
-10
Let b be 115 + -112 - (0 + (7 - 3)). Let l(d) = -15*d - 9. Give l(b).
6
Let f(u) = -12 + u**3 + 5*u + 39 - 85 + 13*u**2 - 3*u + 5*u. Calculate f(-12).
2
Let c = 4217 + -4212. Let m(a) = -a**3 + 6*a**2 - 10*a + 10. Give m(c).
-15
Suppose -151 = 6*a - 133. Let u be 21/a + -13 + 15. Let n(q) = -q**2 - 6*q. Calculate n(u).
5
Let t(n) = -4*n**2 + 8*n + 7. Let a(q) = q**2 - q. Let g(b) = 3*a(b) + t(b). Let z(s) = -s**3 + 44*s**2 - 261*s + 80. Let f be z(37). Determine g(f).
1
Let j(u) = -u**3 - 9*u**2 - 9*u - 4. Suppose 34*b - 30*b = -3*z - 7, -3*b - 24 = -4*z. Calculate j(b).
-48
Let y(f) = -5*f**2 - 12*f. Let u(g) = g**2 + g. Let v(c) = 4*u(c) + y(c). Let p be (-1 + -20)*12/(-9). Let o be p/(-7) + -3 + -1. Give v(o).
0
Let u(g) = g**2 + 11*g + 4. Let h = -30 - -22. Let s be h/(-24) + ((-24)/9)/(-1). Suppose s*w = v + 10, -3*w + 30 = 2*v - 5*v. Calculate u(v).
-6
Let s be 2/(-11) + 64*(-6)/66. Let t(n) = 2*n**3 + 11*n**2 - 7*n - 13. What is t(s)?
-7
Let m(z) = -z**3 + 5*z**2 - 5*z - 1. Let l be m(4). Let h(g) be the first derivative of g**2/2 + 11*g + 22536. What is h(l)?
6
Let j(p) = 12*p**2 + p - 19. Let t(q) = -12*q**2 - q + 22. Let l(b) = -7*j(b) - 6*t(b). Suppose -5 = 2*z - 7. Determine l(z).
-12
Let p(x) = 0*x - 7 + x - 2. Let f = -82447 + 82452. Give p(f).
-4
Let n(w) be the second derivative of w**3/3 + 11*w**2/2 + 82*w - 1. Suppose -16 = 5*p + 4. Let x be n(p). Let l(d) = -2*d + 3. Give l(x).
-3
Let i(t) = t**2 + 6*t + 3. Let b be i(-6). Let u(s) be the third derivative of -s**4/6 + 7*s**3/6 + 189038*s**2. What is u(b)?
-5
Suppose 2*s = -5*g, 4*g - s + 8 + 5 = 0. Let k(z) = -24 - 88*z + 18 - 81*z + 153*z. Let w(y) = 2*y + 1. Let u(m) = -k(m) - 3*w(m). Give u(g).
-17
Let b(a) = -3*a**2 + 9*a + 26. Let c(v) = -v**2 + 1. Let f(x) = b(x) - 4*c(x). Let y = -918395 - -918390. Calculate f(y).
2
Let z(l) = -21 - 25 + 25*l + l**3 + 2*l**2 + 45 - 26*l. Give z(-2).
1
Let i(g) = -9 + 5995*g**2 - 5986*g**2 - 2*g + 10. Determine i(1).
8
Let c(w) = 4*w - 284. Let o be c(6). Let j = o - -254. Let a(u) = 0*u + 5*u**2 + 4 - 4*u + u**3 - u. Give a(j).
-2
Let p(f) = -84*f + 117. Let g(l) = 9*l - 13. Let d(h) = 19*g(h) + 2*p(h). Determine d(8).
11
Let j(l) = -55*l - 111. Let v be j(-2). Let g(x) = 154*x + 1. Calculate g(v).
-153
Let z(x) be the third derivative of -1/12*x**4 - 1/360*x**6 + 13*x**2 + 0 + 0*x - 3/40*x**5 - 8*x**3. Let p(f) be the first derivative of z(f). Calculate p(-5).
18
Let x(v) = 5 - v**2 - 2*v - 3 + 0*v + 0. Let p be (-6)/(-15) - (-15)/25. Calculate x(p).
-1
Suppose -112 = -4*x - 3*z - 32, 4 = z. Let d(u) = -3*u + 85. Calculate d(x).
34
Let h(n) = n**2 + 2*n - 4. Suppose -5*j + 6*j = -32. Let r = j - -102. Let v = 66 - r. Determine h(v).
4
Let u(v) = v**3 - 3*v**2 + 2*v. Let r be u(1). Let d(l) = 4*l**2 + 6*l**2 + r*l - 6*l**2 + l + l**3. Determine d(-4).
-4
Let d(o) = o**3 + 6*o**2 + 3*o. Suppose -66 = -10*v - v. Suppose 31 - 4 = w - 4*k, k - 16 = -3*w. Suppose 0 = w*b - v*b + 4. Calculate d(b).
20
Let p(w) = -318*w**2 + 76*w + 27. Let b(i) = 160*i**2 - 32*i - 12. Let t(m) = -7*b(m) - 3*p(m). Determine t(1).
-167
Suppose 6*x - 3*x - 6 = -t, x = 4*t + 2. Suppose t = -0*n + 5*n - 75. Let c(r) = 11 - 3*r + 5*r - n - 3*r. Determine c(6).
-10
Let i = -1384 - -1380. Let r(q) = -q**3 + q**2 + 21*q + 4. Calculate r(i).
0
Suppose -4*g - r - 18 = 0, -660*g = -663*g - r - 13. Let i(h) = -h**2 + 6*h + 48. Determine i(g).
-7
Let g(t) = 2*t**2 - 23*t + 9. Let i(l) = -l**2 + 11*l - 4. Let m(n) = 3*g(n) + 7*i(n). Suppose 38*a - 46 = 106. Calculate m(a).
15
Suppose -k = -78*y + 74*y - 13, 3*k = -y + 26. Let n(x) = x**2 - 13*x + 32. Calculate n(k).
-4
Let b(x) = -5*x**2 + 4*x**2 + 489*x - 506*x + 10 + 2*x**2. Calculate b(17).
10
Suppose 5*y + 2*d - 59 = 0, 148*d - 64 = -4*y + 152*d. Let w(s) = -s**2 + 24*s - 129. What is w(y)?
14
Let f(t) = t**2 + 2*t - 47. Let o(b) = 3*b**2 + 29*b + 62. Let x be o(-5). Calculate f(x).
1
Let u(p) be the second derivative of p**5/20 + 5*p**4/4 + 7*p**3/3 - p**2/2 - 3*p + 1301. Calculate u(-14).
-1
Let p(o) = -513 - 81*o + 88*o + 518 + o**2. Let i(j) = -j**3 + 6*j**2 - j - 2. Let b be i(6). Determine p(b).
13
Suppose 183 = 7*z + 36. Suppose z*m - 4 = -109. Let i(v) = -v**3 - 6*v**2 - 6*v - 6. Give i(m).
-1
Let g(h) be the first derivative of h**6/120 - h**5/30 - h**4/8 - h**3/3 - 10*h**2 + 2*h - 4. Let r(o) be the second derivative of g(o). Determine r(3).
-2
Let g(k) be the second derivative of k**5/20 - 3*k**4/4 + 3*k**3 - 15*k**2/2 + 137*k - 2. Give g(7).
13
Suppose -w + 152 - 148 = 0. Suppose 6 = -3*q + 21, 3*x - w*q + 11 = 0. Let r(p) = -p**2 + 2*p + 2. Calculate r(x).
-1
Let a(o) = -o + 13. Let g(v) = -45*v**2 - 12*v + 82. Let j(u) = 6*a(u) - g(u). Calculate j(1).
47
Let d(j) be the first derivative of -2*j**3 - 3*j**2/2 - 5*j - 3339. What is d(-1)?
-8
Let d(v) = 2*v - 3. Let g be (-9 - -16) + (-2 - 126/2). Let b = -62 + 115. Let y = b + g. What is d(y)?
-13
Let j(s) = s**2 - 2*s + 9. Let a(v) = -v**2 + 2*v - 8. Let l(o) = 6*a(o) + 5*j(o). Suppose -3 = 5*n - 2*z, -7*n - 2*z + 5*z = 6.